{"id":386,"date":"2010-12-17T14:55:37","date_gmt":"2010-12-17T14:55:37","guid":{"rendered":"http:\/\/www.mathias.hentrich.org\/reise\/?page_id=386"},"modified":"2013-10-13T16:29:01","modified_gmt":"2013-10-13T16:29:01","slug":"sponsoring","status":"publish","type":"page","link":"https:\/\/mathias.hentrich.org\/reise\/sponsoring\/","title":{"rendered":"Thanks! \/ Danke!"},"content":{"rendered":"<p><strong>Available in English and German on the same page:<br \/>\n<a href=\"#enInhalt\">[Please click here to scroll down for the English version.]<\/a><\/strong><\/p>\n<hr \/>\n<p><a id=\"deInhalt\" name=\"deInhalt\"><\/a><\/p>\n<p>Von einem der loszog und in Gedanken einigen Menschen auf der Welt f\u00fcr ihre Unterst\u00fctzung herzlich dankt und sehr verbunden bleibt.<\/p>\n<p><a href=\"#deBasis\">1. Mentale Unterst\u00fctzung und R\u00fcckhalt: Die Basis<\/a><br \/>\n<a href=\"#deFinanz\">2. Mittendrin statt nur dabei: Finanzielle Unterst\u00fctzung<\/a><br \/>\n<a href=\"#dePaypal\">2.1 PayPal<\/a><br \/>\n<a href=\"#deAmazon\">2.2 Indirekte Unterst\u00fctzung beim Kauf \u00fcber Amazon.de (nur Deutschland)<\/a><br \/>\n<a href=\"#deDanke\">3. Meinen allerherzlichsten Dank\u2026<\/a><\/p>\n<hr \/>\n<p><a id=\"deBasis\" name=\"deBasis\"><\/a><a id=\"DieBasis\" name=\"DieBasis\"><\/a><\/p>\n<p><strong>1. Mentale Unterst\u00fctzung und R\u00fcckhalt: Die Basis.<\/strong><br \/>\nVerschiedene Umst\u00e4nde bewegten mich zu der Entscheidung auf eine l\u00e4ngere Reise zu gehen, um mehr zu sehen und meinen Horizont zu erweitern. Bedingt durch viele interessante Europa-Reisen als Kind mit meinen Eltern, hatte ich schon fr\u00fch den Wunsch zu reisen. Campingurlaube nach Spanien, Andorra, Frankreich, Italien, Kroatien etc. folgten. Die Idee tats\u00e4chlich eine Weltreise anzutreten entstand im Mai bzw. Juni 2010 \u2013 im Mai zun\u00e4chst der Wunsch und unmittelbar nach der Promotion (wenige Minuten nach der m\u00fcndlichen Pr\u00fcfung) der feste Entschluss es auch durchzuziehen. In weniger als drei Monaten ver\u00f6ffentlichte ich meine Doktorarbeit als Buch, l\u00f6ste die Wohnung auf, schaffte den verbleibenden Hausrat zu meinen Eltern, k\u00fcndigte Vertr\u00e4ge\/Versicherungen etc. und startete die Reisevorbereitungen wie Vertretungen einrichten, Impfungen sowie die Organisation erster Visa. Die erforderliche Ausr\u00fcstung kaufte ich in weniger als drei Wochen zusammen \u2013 das Meiste eine Woche vor Abreise mit meinem Bruder in Europas gr\u00f6\u00dften Outdoor-Shop in K\u00f6ln. Stressig? Auf jeden Fall!<br \/>\nF\u00fcr die Unterst\u00fctzung vor, w\u00e4hrend und nach den Reisevorbereitungen m\u00f6chte ich ganz herzlich vielen sehr guten Freunden und ganz besonders meinen Eltern danken. Wie ich schon in meiner Promotions-Abschlussrede erw\u00e4hnte: Die besten Eltern die man sich w\u00fcnschen kann!<\/p>\n<h5 align=\"center\">Deutsche Schnell-Links: <a href=\"#deInhalt\">[Inhalt]<\/a> \u2013 <a href=\"#deBasis\">[Basis]<\/a> \u2013 <a href=\"#deFinanz\">[Support]<\/a> \u2013 <a href=\"#dePaypal\">[PayPal]<\/a> \u2013 <a href=\"#deAmazon\">[Amazon]<\/a> \u2013 <a href=\"#deDanke\">[Danke!]<\/a><\/h5>\n<hr \/>\n<p><a id=\"deFinanz\" name=\"deFinanz\"><\/a><\/p>\n<p><strong>2. Mittendrin statt nur dabei: Finanzielle Unterst\u00fctzung.<br \/>\n<\/strong>Mach mit, lass Dein Geld zeitlos werden \u2013 gesch\u00fctzt vor jeglicher Entwertung oder Diebstahl \u2013 und werde ein Teil dieses unvergesslichen Projekts. \ud83d\ude42<\/p>\n<p><a id=\"dePaypal\" name=\"dePaypal\"><\/a><\/p>\n<p><strong>2.1 PayPal<\/strong><\/p>\n<form action=\"https:\/\/www.paypal.com\/cgi-bin\/webscr\" method=\"post\"><input type=\"hidden\" name=\"cmd\" value=\"_s-xclick\" \/> <input type=\"hidden\" name=\"hosted_button_id\" value=\"RC7EPTEAYANEQ\" \/> <input type=\"image\" alt=\"PayPal \u2014 The safer, easier way to pay online.\" name=\"submit\" src=\"https:\/\/www.paypalobjects.com\/en_US\/i\/btn\/btn_donateCC_LG_global.gif\" \/> <img loading=\"lazy\" decoding=\"async\" alt=\"\" src=\"https:\/\/www.paypalobjects.com\/de_DE\/i\/scr\/pixel.gif\" width=\"1\" height=\"1\" border=\"0\" \/><\/form>\n<p><a id=\"deAmazon\" name=\"deAmazon\"><\/a><\/p>\n<p><strong>2.2 Indirekte Unterst\u00fctzung beim Kauf \u00fcber Amazon (nur Deutschland)<br \/>\n<\/strong><a href=\"http:\/\/www.amazon.de\/gp\/gc?&amp;tag=mat-reise-21\" target=\"_blank\">[ Bei Amazon einkaufen und dabei Mathias bei seiner Reise unterst\u00fctzen! &#8211; Link ]<\/a><br \/>\nEinfach vor einem Einkauf auf obigen Link gehen und erst dann den Warenkorb f\u00fcllen. F\u00fcr jede Amazon-Bestellung gibt es 5% direkt auf mein Reisekonto.<\/p>\n<h5 align=\"center\">Deutsche Schnell-Links: <a href=\"#deInhalt\">[Inhalt]<\/a> \u2013 <a href=\"#deBasis\">[Basis]<\/a> \u2013 <a href=\"#deFinanz\">[Support]<\/a> \u2013\u00a0<a href=\"#dePaypal\">[PayPal]<\/a> \u2013 <a href=\"#deAmazon\">[Amazon]<\/a> \u2013 <a href=\"#deDanke\">[Danke!]<\/a><\/h5>\n<hr \/>\n<h5 align=\"center\"><a id=\"enInhalt\" name=\"enInhalt\"><\/a><\/h5>\n<h1>English<\/h1>\n<p>There are people in the world, they\u2019re just irreplaceable.<\/p>\n<p><a href=\"#enBasis\">1. Mental backing: The base<\/a><br \/>\n<a href=\"#enFinanz\">2. Being part of it: Financial support<\/a><br \/>\n<a href=\"#enPaypal\">2.1 PayPal (international)<\/a><br \/>\n<a href=\"#enDanke\">3. My heartfelt thanks\u2026<\/a><\/p>\n<hr \/>\n<p><a id=\"enBasis\" name=\"enBasis\"><\/a><\/p>\n<p><strong>1. Mental backing: The base.<br \/>\n<\/strong>Various circumstances lead to my decision for a long journey to see more and broaden my mind. Due to many interesting trips through Europe as a child with my parents, I had an early desire to travel. Camping holidays in Spain, Andorra, France, Italy, Croatia, etc. followed. The idea for a world tour came in May and June 2010 &#8211; in May the first desire and immediately after graduation (a few minutes after the oral defense) the firm decision to go through with it. In less than three months, I published my dissertation as a book, quit my apartment, put the remaining household to my parents, reorganized contracts \/ insurances etc. and started with the travel arrangements like office-reorganization, first vaccinations and visas. I bought the necessary travel-equipment in less than three weeks &#8211; the most just a week before departure with my brother in Europe&#8217;s biggest outdoor shop in Cologne. Stressful? In any case!<br \/>\nFor the support during and after the travel arrangements I would like to warmly thank many very good friends and especially my parents. As I mentioned in my doctoral degree speech: The best parents you could ever want!<\/p>\n<h5 align=\"center\">English Quick-Links: <a href=\"#enInhalt\">[Index]<\/a> \u2013 <a href=\"#enBasis\">[Base]<\/a> \u2013 <a href=\"#enFinanz\">[Support]<\/a> \u2013 <a href=\"#enPaypal\">[PayPal]<\/a> \u2013 <a href=\"#enDanke\">[Thanks!]<\/a><\/h5>\n<hr \/>\n<p><a id=\"enFinanz\" name=\"enFinanz\"><\/a><strong>2. Being part of it: Financial support<br \/>\n<\/strong>Join in, let your money be timeless \u2013 protected from any devaluation or theft \u2013 and become a part of this unforgettable project. \ud83d\ude42<\/p>\n<p><strong><a id=\"enPaypal\" name=\"enPaypal\"><\/a>2.1 PayPal (international)<br \/>\n<\/strong>Or simply by credit card or bank with PayPal.<br \/>\nThe donation amount is shown in Euro (to calculate the conversion rate <a href=\"http:\/\/au.finance.yahoo.com\/currencies\/converter\/\" target=\"_blank\">click here<\/a>).<\/p>\n<form action=\"https:\/\/www.paypal.com\/cgi-bin\/webscr\" method=\"post\"><input type=\"hidden\" name=\"cmd\" value=\"_s-xclick\" \/> <input type=\"hidden\" name=\"hosted_button_id\" value=\"RC7EPTEAYANEQ\" \/> <input type=\"image\" alt=\"PayPal \u2014 The safer, easier way to pay online.\" name=\"submit\" src=\"https:\/\/www.paypalobjects.com\/en_US\/i\/btn\/btn_donateCC_LG_global.gif\" \/> <img loading=\"lazy\" decoding=\"async\" alt=\"\" src=\"https:\/\/www.paypalobjects.com\/de_DE\/i\/scr\/pixel.gif\" width=\"1\" height=\"1\" border=\"0\" \/><\/form>\n<h5 align=\"center\">English Quick-Links: <a href=\"#enInhalt\">[Index]<\/a> \u2013 <a href=\"#enBasis\">[Base]<\/a> \u2013 <a href=\"#enFinanz\">[Support]<\/a> \u2013 <a href=\"#enPaypal\">[PayPal]<\/a> \u2013 <a href=\"#enDanke\">[Thanks!]<\/a><\/h5>\n<hr \/>\n<p><strong><a id=\"deDanke\" name=\"deDanke\"><\/a>3. Meinen allerherzlichsten Dank\u2026<\/strong><\/p>\n<p><a id=\"enDanke\" name=\"enDanke\"><\/a>3. My heartfelt thanks\u2026<\/p>\n<p>\u2026f\u00fcr Euer Vertrauen.<br \/>\nIch freue mich schon sehr darauf, Euch pers\u00f6nlich f\u00fcr Eure Unterst\u00fctzung zu danken!<\/p>\n<p>\u2026for your confidence.<br \/>\nI\u2019m really looking forward to seeing you in person to thank you for your support!<\/p>\n<p>Klaus-Martin &amp; Maria Hentrich, Engelskirchen<br \/>\nFamilie Markus Hentrich, Heilbad Heiligenstadt<br \/>\nEva Bajic, Heiligenhaus<br \/>\nFamilie Saalw\u00e4chter, Solingen<br \/>\nKlaus Hagemann, Recklinghausen<br \/>\n<a href=\"http:\/\/www.rwreinigungstechnik.de\">R\u00fcdiger Weder<\/a>, Mettmann<br \/>\nErhard &amp; Gerda Spitzer, Solingen<br \/>\nRainer &amp; Gerlind Clau\u00df, Velbert<br \/>\nFamilie Ley, Solingen<br \/>\nJennifer Hentrich, M\u00fcnchen<br \/>\nChristina Sch\u00f6nheit, Erfurt<br \/>\nThomas &amp; Simone Hentrich, Erfurt<br \/>\nSascha Bednarz, Bochum<br \/>\nAnna Voevodina, St. Petersburg, Russia<br \/>\nNikola H. &amp; Michael R., Ruhrgebiet<br \/>\nSutien Lim, Malaysia\/Taiwan<br \/>\nDr. Matthias Heyden, Germany\/USA<br \/>\nMelanie &amp; Peter Schmidt, Erfurt<br \/>\nBernhard Hentrich, Erfurt<br \/>\nBartholom\u00e4us Minkowski, Bochum<br \/>\nRegina Scheiermann, Deutschland<br \/>\n4x anonym (A. &amp; N., H., M., K.)<\/p>\n<h5 align=\"center\">Deutsche Schnell-Links: <a href=\"#deInhalt\">[Inhalt]<\/a> \u2013 <a href=\"#deBasis\">[Basis]<\/a> \u2013 <a href=\"#deFinanz\">[Support]<\/a> \u2013 <a href=\"#dePaypal\">[PayPal]<\/a> \u2013 <a href=\"#deAmazon\">[Amazon]<\/a> \u2013 <a href=\"#deDanke\">[Danke!]<\/a><br \/>\nEnglish Quick-Links: <a href=\"#enInhalt\">[Index]<\/a> \u2013 <a href=\"#enBasis\">[Base]<\/a> \u2013 <a href=\"#enFinanz\">[Support]<\/a> \u2013\u00a0<a href=\"#enPaypal\">[PayPal]<\/a> \u2013 <a href=\"#enDanke\">[Thanks!]<\/a><\/h5>\n","protected":false},"excerpt":{"rendered":"<p>Available in English and German on the same page: [Please click here to scroll down for the English version.] Von einem der loszog und in Gedanken einigen Menschen auf der Welt f\u00fcr ihre Unterst\u00fctzung herzlich dankt und sehr verbunden bleibt. &hellip; <a href=\"https:\/\/mathias.hentrich.org\/reise\/sponsoring\/\">Weiterlesen <span class=\"meta-nav\">&rarr;<\/span><\/a><\/p>\n","protected":false},"author":1,"featured_media":0,"parent":0,"menu_order":12,"comment_status":"open","ping_status":"closed","template":"","meta":{"footnotes":""},"class_list":["post-386","page","type-page","status-publish","hentry"],"_links":{"self":[{"href":"https:\/\/mathias.hentrich.org\/reise\/wp-json\/wp\/v2\/pages\/386","targetHints":{"allow":["GET"]}}],"collection":[{"href":"https:\/\/mathias.hentrich.org\/reise\/wp-json\/wp\/v2\/pages"}],"about":[{"href":"https:\/\/mathias.hentrich.org\/reise\/wp-json\/wp\/v2\/types\/page"}],"author":[{"embeddable":true,"href":"https:\/\/mathias.hentrich.org\/reise\/wp-json\/wp\/v2\/users\/1"}],"replies":[{"embeddable":true,"href":"https:\/\/mathias.hentrich.org\/reise\/wp-json\/wp\/v2\/comments?post=386"}],"version-history":[{"count":53,"href":"https:\/\/mathias.hentrich.org\/reise\/wp-json\/wp\/v2\/pages\/386\/revisions"}],"predecessor-version":[{"id":3108,"href":"https:\/\/mathias.hentrich.org\/reise\/wp-json\/wp\/v2\/pages\/386\/revisions\/3108"}],"wp:attachment":[{"href":"https:\/\/mathias.hentrich.org\/reise\/wp-json\/wp\/v2\/media?parent=386"}],"curies":[{"name":"wp","href":"https:\/\/api.w.org\/{rel}","templated":true}]}}