{"id":2,"date":"2010-09-14T17:18:33","date_gmt":"2010-09-14T17:18:33","guid":{"rendered":"http:\/\/www.mathias.hentrich.org\/reise\/?page_id=2"},"modified":"2012-04-25T06:24:22","modified_gmt":"2012-04-25T06:24:22","slug":"ueber-mich","status":"publish","type":"page","link":"https:\/\/mathias.hentrich.org\/reise\/ueber-mich\/","title":{"rendered":"About me \/ &Uuml;ber mich"},"content":{"rendered":"<p align=\"center\"><em>English and German is on the same page.<\/em><\/p>\n<p>Kurz zu mir (Mathias Hentrich). Geboren wurde ich 1982 im Herzen Deutschlands. Als Jugendlicher lernte ich das Ruhrgebiet kennen und sch\u00e4tzen und habe dort meine schulische Ausbildung beendet. Weitere knapp acht Jahre verbrachte ich an der Ruhr-Universit\u00e4t Bochum f\u00fcr den Bachelor of Science (B. Sc.) 2005, den Master of Science (M. Sc.) 2007 und schlie\u00dflich den Doktor der Naturwissenschaften (Dr. rer. nat.) 2010. Bevor ich mich nun voller Elan in die Karriere st\u00fcrze, m\u00f6chte ich meinen Horizont abseits vom Fachlichen erweitern. Daher auch der Grund der Reise: Der Blick \u00fcber den Tellerrand reicht nicht \u2013 ich interessiere mich auch f\u00fcr den Blick \u00fcber den Tischrand. \ud83d\ude42<br \/>Weiteres? <a href=\"https:\/\/mathias.hentrich.org\/reise\/kontakt\/\">Einfach nachfragen.<\/a><\/p>\n<p>A bit about me (Mathias Hentrich). I was born in 1982 in the heart of Germany. As a teenager I got to know and to appreciate the Ruhr-Area, where I finished my school education. The next nearly eight years I spent at the Ruhr-University Bochum for the Bachelor of Science (B. Sc.) in 2005, the Master of Science (M. Sc.) in 2007 and the doctorate in natural sciences (Dr. rer. nat.) in 2010. Before I focus my full energy on the career, I decided to expand my horizon beyond the professional. Hence the reason for the journey: A look outside the box is not enough \u2013 I\u2019m also interested to see the whole picture. \ud83d\ude42<br \/>Anything else? <a href=\"https:\/\/mathias.hentrich.org\/reise\/kontakt\/\">Just ask.<\/a><\/p>\n","protected":false},"excerpt":{"rendered":"<p>English and German is on the same page. Kurz zu mir (Mathias Hentrich). Geboren wurde ich 1982 im Herzen Deutschlands. Als Jugendlicher lernte ich das Ruhrgebiet kennen und sch\u00e4tzen und habe dort meine schulische Ausbildung beendet. Weitere knapp acht Jahre &hellip; <a href=\"https:\/\/mathias.hentrich.org\/reise\/ueber-mich\/\">Weiterlesen <span class=\"meta-nav\">&rarr;<\/span><\/a><\/p>\n","protected":false},"author":1,"featured_media":0,"parent":0,"menu_order":5,"comment_status":"open","ping_status":"closed","template":"","meta":{"footnotes":""},"class_list":["post-2","page","type-page","status-publish","hentry"],"_links":{"self":[{"href":"https:\/\/mathias.hentrich.org\/reise\/wp-json\/wp\/v2\/pages\/2","targetHints":{"allow":["GET"]}}],"collection":[{"href":"https:\/\/mathias.hentrich.org\/reise\/wp-json\/wp\/v2\/pages"}],"about":[{"href":"https:\/\/mathias.hentrich.org\/reise\/wp-json\/wp\/v2\/types\/page"}],"author":[{"embeddable":true,"href":"https:\/\/mathias.hentrich.org\/reise\/wp-json\/wp\/v2\/users\/1"}],"replies":[{"embeddable":true,"href":"https:\/\/mathias.hentrich.org\/reise\/wp-json\/wp\/v2\/comments?post=2"}],"version-history":[{"count":10,"href":"https:\/\/mathias.hentrich.org\/reise\/wp-json\/wp\/v2\/pages\/2\/revisions"}],"predecessor-version":[{"id":2481,"href":"https:\/\/mathias.hentrich.org\/reise\/wp-json\/wp\/v2\/pages\/2\/revisions\/2481"}],"wp:attachment":[{"href":"https:\/\/mathias.hentrich.org\/reise\/wp-json\/wp\/v2\/media?parent=2"}],"curies":[{"name":"wp","href":"https:\/\/api.w.org\/{rel}","templated":true}]}}